the remainder when s is divided by 16?
15
Let l(i) = 2*i**3 - 7*i**2 - 2*i + 5. Let k(h) = -h**2 - 7*h - 10. Let o be k(-4). Suppose o*m = 2 + 6. Calculate the remainder when 49 is divided by l(m).
10
Suppose -101*k = -107*k + 678. What is the remainder when 564 is divided by k?
112
Suppose 3*a = -2*a + 100. Let s be (276/(-5))/((-4)/a). What is the remainder when 58 is divided by (-4)/(-14) + s/14?
18
Let v = -11 - 15. Suppose 3*z - 5*z + 3*p + 2 = 0, 10 = 2*z - 5*p. Let s = z - v. What is the remainder when 39 is divided by s?
18
Let t(r) = 3*r + 7. Let c be t(12). Let y be c - -2*6/(-4). Calculate the remainder when y + -3 + (7 - 3) is divided by 14.
13
Suppose -57 = -54*g + 51*g. Suppose 4*d = 99 + 49. What is the remainder when d is divided by g?
18
Let a = 1663 - 1645. Suppose -5*b - 3*f = -65, -b + 3*f - 5 = -0*b. Calculate the remainder when a is divided by b.
8
Let n = 22 + -16. Suppose 13*m - 32 = 5*m. Suppose a = m*v + 2*a - 90, a = 2. Calculate the remainder when v is divided by n.
4
Suppose 4*k - k = 5*f + 51, 5*f - 4*k + 53 = 0. Suppose -80 = -217*x + 212*x. What is the remainder when x is divided by (0 + 1)*f*-1?
7
Let p(v) be the third derivative of v**5/60 + v**4/24 - 2*v**3/3 + 21*v**2. Calculate the remainder when p(2) is divided by 1.
0
Suppose 0 = -5*d + 5, 14*o - 15*o + 16 = 2*d. What is the remainder when 106 is divided by o?
8
Let i be -1 + 1 + (4 - 0). Suppose 4*v = i*z - 0*z + 188, -4*z = v - 42. What is the remainder when v is divided by (5 + -29)/((-3)/2)?
14
Let p(s) = -6*s - 27. Let c be p(-4). Let u(g) = -12*g + 17. Calculate the remainder when 208 is divided by u(c).
49
Let s(n) = -52*n + 476. What is the remainder when s(7) is divided by 15?
7
Suppose p - 25 = -2*t - 3*t, 3*p - 3*t = 75. Suppose 113 = 5*q + d - 47, p = 5*d. Suppose 0 = -4*c + 3*c + 11. Calculate the remainder when q is divided by c.
9
Suppose 523 = 3*p + 4*m, -2*p - 5*m = -5*p + 568. Suppose -87 + 0 = -2*z - 3*u, 4*z - u - p = 0. What is the remainder when z is divided by 12?
9
Suppose 5*b + 5*o - 180 = -0*b, 0 = -b + 4*o + 26. Let c be 15/(-10)*14/(-3). Let r(m) = m + 6. Calculate the remainder when b is divided by r(c).
8
Suppose 4*w + 0*w + 16 = 0. Calculate the remainder when 5 + -1 - (-5 - 21 - 12) is divided by w/(-14) - 103/(-7).
12
Let y = -203 - -302. Suppose -3 = -4*k + b + y, 3*k - 5*b = 85. Suppose 14*h + 31 = 4*f + 17*h, -9 = -f - 2*h. What is the remainder when k is divided by f?
4
Let v = -118 + 135. Suppose -21 = -v*q + 183. Calculate the remainder when 67 is divided by q.
7
Suppose 69 = x + 3*n - 61, 4*x - 527 = -5*n. Calculate the remainder when x is divided by 29.
17
Suppose y = -3*y + 204. Let q = 75 - y. Suppose -2*h = -q - 28. Calculate the remainder when h is divided by 14.
12
Suppose -5*g - j = -8*g + 300, 5*g + 4*j = 500. Calculate the remainder when g is divided by 34.
32
Let z = -57 + 85. Let c be z + ((-5)/(-1) - 2). Let f = -9 + c. What is the remainder when f is divided by 13?
9
Let b(w) = w**3 + w**2 + w + 15. Let v be b(0). Let r = -10 - v. Let q = 44 + r. Calculate the remainder when q is divided by 10.
9
Suppose 3*g = -3, 4*h + 4*g + 103 = 5*g. Let v = -6 - h. Calculate the remainder when 137 is divided by v.
17
Suppose 5*s + 5*g - 20 = 95, -2*s = -4*g - 22. Let b = -4476 - -4512. What is the remainder when b is divided by s?
17
Let i = -130 + 178. Calculate the remainder when 95 is divided by i.
47
Suppose -3*m = m - 0*m. Suppose c - i = i + 27, m = 2*c - 5*i - 52. What is the remainder when c is divided by 17?
14
Suppose 4*z + 8 = 0, 9*i - 6*i - 3*z = 144. Calculate the remainder when 135 is divided by i.
43
Suppose -5*h + 5*m + 150 = 0, 18 = h + 2*m - 18. Calculate the remainder when 60 is divided by h.
28
Suppose 9 = 10*n + 49. What is the remainder when 20 is divided by ((-65)/(-5) - -3) + n?
8
Calculate the remainder when 49 is divided by (-40)/(-14)*(-6 - 66/(-4)).
19
Suppose 3*i + 15 = 8*i. Suppose i*p - 5*c - 406 = 0, 0*p + p = 4*c + 133. Calculate the remainder when p is divided by 14.
11
Suppose -18 = 2*n + 5*u - 89, 2*n + 4*u - 68 = 0. Suppose -75 = -p + 35. What is the remainder when p is divided by n?
26
Let j(g) = g**2 + 16*g - 67. Suppose -4*h + 2*z + 126 = -0*z, 5*z = 5*h - 155. What is the remainder when j(-23) is divided by h?
30
Suppose 3*z - z = -3*l + 8, -5*z = -2*l + 18. Let c(i) = -26*i**3 - 3*i - 2. Let u be c(z). Suppose -u = -t - t. What is the remainder when t is divided by 27?
25
Suppose -5*a - 56 - 21 = -4*r, -a = r - 8. Calculate the remainder when 97 is divided by r.
6
Suppose 2*l = -3*h + 10, 3*l = -h + 10 - 2. Suppose -5*j = -0*v - 2*v + 29, 0 = -l*j - 2. What is the remainder when 34 is divided by (0 + v/20)*15?
7
Suppose 3 = -4*t + 3*h, -t + h + 2 = 3*h. Suppose -2*u - 2*u - 3836 = t. Calculate the remainder when (-3)/(-7) - u/49 is divided by 11.
9
Suppose 0 = x - 14 - 29. Calculate the remainder when 3 + (3 - 3) + 80 is divided by x.
40
Let o = 1 - -16. Suppose 409 + 397 = 13*b. What is the remainder when b is divided by o?
11
Let h(x) = 64*x**3 + x + 1. Let l = -31 + 30. Let j be h(l). Calculate the remainder when -1 + (-3 - j - 3) is divided by 15.
12
Suppose 10*r = 8*r + 5*t + 278, 0 = -3*r - 5*t + 367. Calculate the remainder when r is divided by 54.
21
Let a be ((-44)/(-55))/((-4)/10). Let n be -6 + -38 + 0/a. Let t = n - -65. Calculate the remainder when t is divided by 11.
10
Let m(c) = -5*c. Let a be m(-5). Let w = 5 + a. Calculate the remainder when w is divided by (2 + 66/(-9))*-3.
14
Let o(k) = k**3 - 19*k**2 - 46*k - 68. What is the remainder when o(22) is divided by 9?
3
What is the remainder when 198 is divided by -30*(-19)/((-285)/(-50))?
98
Suppose 0 = 7*p - 3*p - 4*l - 68, 2*p + 3*l = 29. Let m(f) = -10*f - 1. Calculate the remainder when m(-3) is divided by p.
13
Suppose u - 3*u = -14. Suppose 0 = -5*j + 230 + 20. What is the remainder when u is divided by 2/(-4) + j/20?
1
Let w(r) = -2*r**2 - 19*r + 35. Let h be w(-11). Suppose -h*b + 894 = 4*b. Calculate the remainder when b is divided by 51.
47
Let v(h) = h**2 + 20*h + 27. Let z be v(-16). Let d = 61 + z. Calculate the remainder when 118 is divided by d.
22
Let f(d) = -d**3 - 7*d**2 + d + 12. Let b be f(-7). Let s(q) = -2*q**2 + b + 6*q**3 - 7*q**3 + q**2. What is the remainder when 14 is divided by s(0)?
4
Calculate the remainder when (30/3)/(10 - (-1664)/(-168)) is divided by (4 - 1)/(2/18).
24
Suppose -8*x - 400 = -12*x + 2*t, 290 = 3*x - 4*t. Calculate the remainder when x is divided by 52.
50
Let p = -42 - -142. Let l = p - -34. Calculate the remainder when l is divided by 46.
42
Suppose f = -2*u + u - 11, 0 = -4*f - 2*u - 46. Let n = 23 + f. Calculate the remainder when 31 is divided by n.
9
Suppose -12*w = -3*w. Suppose -47*z + 44*z + 39 = w. Calculate the remainder when z is divided by 5.
3
Let x(t) be the second derivative of -t**5/10 - t**4/6 - t**3/2 - t**2 - 19*t. What is the remainder when x(-3) is divided by 11?
10
Suppose -34 = -475*u + 474*u. Calculate the remainder when 54 is divided by u.
20
Calculate the remainder when (-8)/(-10)*10/12*87 is divided by 30.
28
Suppose -2*m + 2 = -m. Suppose -158 = -4*z + m*z. Calculate the remainder when z is divided by 8/(1 - (-6)/(-10)).
19
Let g = 6 + -5. Let p(s) = 27 + g + s**2 + s - 4. What is the remainder when 93 is divided by p(0)?
21
Let f(m) be the second derivative of -m**3/6 - 2*m**2 + 11*m. What is the remainder when 2 is divided by f(-5)?
0
Let h = -212 + 482. Calculate the remainder when h is divided by 78.
36
Let g = 23 - 14. Suppose -w = 2*r - 107, 0 = -w + 2*r + 3*r + 114. Let d = w + -74. What is the remainder when d is divided by g?
8
Suppose 2*s + 221 = 3*k, -4*k + 146 + 150 = -4*s. Let z = -52 + k. Suppose 0 = 2*v - 7*v + 55. What is the remainder when z is divided by v?
10
Let d(j) = 10*j + 3*j + 3*j**3 - 9*j - 3*j**2 - 5. Calculate the remainder when 59 is divided by d(2).
14
Let w(u) be the first derivative of -5*u + 2 - u**2 + 4/3*u**3 + 1/4*u**4. What is the remainder when 10 is divided by w(-4)?
1
Let u = 227 + 199. What is the remainder when u is divided by 13?
10
Let d be (-7 - 2 - 3) + -4. What is the remainder when -1*(2 - 1) - -104 is divided by 2*15 + (-20 - d)?
25
Suppose 3*n + t = -3, 12 = 3*n + n - 4*t. Suppos